 of 87 and 78735232?
29
What is the greatest common divisor of 31675945 and 23465?
1805
What is the greatest common divisor of 2200 and 462275?
275
What is the greatest common factor of 128318470 and 560?
70
What is the greatest common factor of 23499697 and 1703?
1703
What is the greatest common factor of 2021310 and 166500?
3330
What is the greatest common divisor of 647721 and 28647306?
8199
What is the highest common divisor of 765199 and 7?
1
What is the highest common divisor of 45 and 47696787?
9
What is the highest common factor of 155 and 268790?
5
What is the greatest common divisor of 326346 and 14061?
327
What is the greatest common divisor of 420 and 96877956?
84
Calculate the highest common divisor of 1209 and 794716.
403
What is the greatest common factor of 8273122 and 286?
286
Calculate the greatest common divisor of 14664050 and 313.
313
What is the highest common divisor of 13309386 and 912?
114
What is the highest common factor of 51 and 3372549?
3
What is the highest common factor of 92480 and 4870?
10
What is the highest common factor of 5240005 and 205?
205
Calculate the highest common factor of 215239585 and 11110.
5555
Calculate the greatest common factor of 12700 and 67586860.
2540
Calculate the greatest common divisor of 8475214 and 41323.
1333
Calculate the highest common factor of 1926 and 25244082.
1926
What is the greatest common divisor of 26272 and 924446?
1642
What is the greatest common factor of 38221 and 41184677?
1033
What is the highest common factor of 126607374 and 13851?
4617
Calculate the greatest common factor of 30820335 and 3216.
201
What is the highest common factor of 46341 and 336853?
271
What is the highest common divisor of 46396 and 18648?
28
Calculate the highest common divisor of 15920652 and 550.
22
Calculate the highest common divisor of 2160 and 786231.
9
What is the greatest common divisor of 6939 and 2363372?
257
What is the highest common divisor of 21582 and 64602120?
7194
Calculate the greatest common divisor of 524114815 and 2555.
2555
Calculate the greatest common divisor of 180 and 74084820.
60
What is the greatest common factor of 205420248 and 32?
8
Calculate the greatest common divisor of 126983 and 38652521.
5521
What is the greatest common divisor of 40 and 46843915?
5
Calculate the highest common divisor of 96734178 and 846.
846
What is the highest common factor of 1726716 and 72372?
444
What is the greatest common factor of 1067772 and 18786?
606
Calculate the highest common divisor of 11463428 and 312308.
1916
What is the greatest common factor of 75394782 and 677?
677
Calculate the highest common divisor of 8813307 and 27.
3
Calculate the greatest common divisor of 5179020 and 594510.
3990
What is the highest common divisor of 3611371 and 14975?
599
What is the greatest common divisor of 27469 and 2875793?
2113
What is the highest common factor of 737866 and 19769?
53
What is the highest common divisor of 14615 and 267325?
185
Calculate the greatest common factor of 80 and 56831950.
10
Calculate the greatest common factor of 4449 and 629448969.
4449
Calculate the greatest common factor of 6840 and 4708485.
855
What is the greatest common divisor of 619 and 178026876?
619
Calculate the highest common factor of 31408820 and 5404.
772
What is the highest common factor of 630215072 and 64?
32
Calculate the highest common factor of 29486 and 101062.
46
What is the greatest common factor of 68348 and 5196889?
2441
Calculate the greatest common divisor of 296 and 374568.
8
What is the greatest common divisor of 27008 and 22528?
128
What is the highest common divisor of 25352379 and 243?
27
What is the highest common divisor of 41961 and 24424?
71
Calculate the highest common factor of 3298680 and 203896.
616
What is the highest common divisor of 342 and 11625777?
171
What is the greatest common divisor of 54680623 and 199?
199
What is the greatest common divisor of 703376 and 784?
16
What is the highest common divisor of 37507526 and 529?
23
What is the highest common divisor of 235175056 and 57052?
3356
Calculate the greatest common divisor of 36992928 and 84.
84
Calculate the greatest common divisor of 1806974 and 1209.
13
Calculate the greatest common divisor of 14528080 and 1232.
112
Calculate the highest common factor of 964 and 22251289.
241
Calculate the highest common divisor of 748936 and 198217.
523
What is the greatest common factor of 43805370 and 210?
210
Calculate the greatest common divisor of 169119 and 60286.
43
Calculate the greatest common factor of 5924 and 43859815.
1481
What is the highest common divisor of 1245080638 and 8171?
8171
What is the greatest common divisor of 140 and 3943820?
20
Calculate the greatest common divisor of 280 and 99860.
20
What is the highest common factor of 12 and 90572106?
6
Calculate the greatest common divisor of 36239 and 42532.
217
Calculate the highest common divisor of 30507076 and 3538.
122
Calculate the highest common divisor of 55074 and 74528.
274
What is the greatest common divisor of 1040 and 324000240?
80
Calculate the greatest common divisor of 1354926056 and 21296.
10648
What is the greatest common divisor of 2120730 and 60864?
1902
What is the greatest common factor of 6318 and 52976781?
351
Calculate the highest common divisor of 1580908 and 27584.
1724
What is the greatest common factor of 8292 and 2566374?
4146
What is the greatest common factor of 240116104 and 32?
8
Calculate the highest common divisor of 13727558 and 78.
26
Calculate the greatest common factor of 82430 and 8945.
5
What is the greatest common divisor of 1937650 and 30602?
286
What is the highest common factor of 210396 and 7165284?
2364
What is the greatest common divisor of 378916 and 48676?
172
What is the greatest common factor of 10463 and 1831?
1
Calculate the greatest common divisor of 2632 and 21540617.
329
What is the greatest common factor of 29976058 and 7952?
994
Calculate the greatest common divisor of 6555 and 121395.
15
What is the greatest common divisor of 2591816 and 4064?
1016
Calculate the highest common factor of 75444 and 12360.
12
Calculate the highest common factor of 1120 and 65870.
70
Calculate the greatest common factor of 21290413 and 199.
199
What is the greatest common divisor of 23760 and 367740?
540
Calculate the highest common factor of 18127965 and 2701.
37
What is the greatest common divisor of 3092 and 643524?
4
What is the greatest common divisor of 66682168 and 56?
56
What is the highest common factor of 4385747 and 46223?
2719
Calculate the highest common divisor of 5722731 and 10773.
567
What is the highest common factor of 35406296 and 56?
8
Calculate the greatest common divisor of 2996 and 501368.
28
Calculate the highest common divisor of 28 and 13279861.
7
Calculate the highest common divisor of 87591 and 77056.
301
Calculate the highest common factor of 293 and 4906285586.
293
Calculate the highest common factor of 45268 and 47968.
4
Calculate the greatest common divisor of 3777813 and 97149.
1833
Calculate the highest common divisor of 273279 and 155490.
213
What is the highest common divisor of 132 and 25199988?
132
Calculate the greatest common factor of 9177 and 40929.
21
Calculate the greatest common divisor of 5879385 and 180.
45
What is the highest common factor of 412 and 6787288?
412
What is the highest common divisor of 4112725 and 425?
425
What is the highest common factor of 73969725 and 50025?
1725
Calculate the greatest common divisor of 52108 and 119112.
28
What is the highest common factor of 2418 and 2714205?
1209
What is the highest common factor of 19987 and 1180813?
79
What is the greatest common factor of 33079 and 195092?
19
What is the greatest common factor of 52450070 and 7220?
190
What is the highest common divisor of 77 and 9194101?
7
Calculate the highest common factor of 15604186 and 3447.
383
Calculate the greatest common divisor of 123 and 554464566.
123
What is the greatest common factor of 50402 and 292063?
79
What is the highest common divisor of 908009 and 77706?
1439
What is the highest common divisor of 40559395 and 38?
19
What is the greatest common factor of 8 and 551953672?
8
Calculate the highest common divisor of 10784 and 5497144.
2696
What is the gr